 587 composite?
False
Is 97021 prime?
True
Is 2099 composite?
False
Is 47363 a composite number?
False
Is 7907 prime?
True
Is 227993 a composite number?
False
Is 8180351 composite?
False
Is 1549001 composite?
True
Is 20959 prime?
True
Is 187 prime?
False
Is 1804249 prime?
True
Is 106163 composite?
False
Is 6803 composite?
False
Is 9151 a composite number?
False
Is 11947 composite?
True
Is 1651 a composite number?
True
Is 47041 composite?
False
Is 6289 prime?
False
Is 43391 prime?
True
Is 623093 a prime number?
False
Is 25409 composite?
False
Is 857335 composite?
True
Is 112741 a prime number?
True
Is 23957 prime?
True
Is 2417 a composite number?
False
Is 42101 composite?
False
Is 8851 a prime number?
False
Is 35951 a composite number?
False
Is 2923 a prime number?
False
Is 39469 a prime number?
False
Is 36629 composite?
False
Is 132017 a composite number?
True
Is 168286 a composite number?
True
Is 485189 a composite number?
True
Is 954034 composite?
True
Is 22465 a composite number?
True
Is 14657501 prime?
True
Is 70271 a composite number?
False
Is 68167 a prime number?
False
Is 745363 prime?
False
Is 7017007 prime?
True
Is 836063 a composite number?
False
Is 7253 composite?
False
Is 8009 prime?
True
Is 173249 composite?
False
Is 42521 composite?
True
Is 5645 prime?
False
Is 10211 composite?
False
Is 19217 prime?
False
Is 1817 a prime number?
False
Is 126913 prime?
True
Is 447943 a composite number?
False
Is 239357 a composite number?
False
Is 58423 a prime number?
False
Is 81709 prime?
False
Is 45947 a composite number?
True
Is 10729 a composite number?
False
Is 19801 a prime number?
True
Is 4391 prime?
True
Is 5981 a composite number?
False
Is 1319 a prime number?
True
Is 332959 a composite number?
True
Is 34807 prime?
True
Is 19286 prime?
False
Is 205187 prime?
True
Is 422749 composite?
False
Is 1849171 a composite number?
False
Is 48881 prime?
False
Is 218098 prime?
False
Is 157627 prime?
True
Is 3341 prime?
False
Is 4811 a prime number?
False
Is 582793 prime?
True
Is 256915 composite?
True
Is 718 a prime number?
False
Is 13397 prime?
True
Is 2288003 a composite number?
False
Is 79369 a prime number?
False
Is 33961 prime?
True
Is 4742 a prime number?
False
Is 76079 prime?
True
Is 46381 composite?
False
Is 2552843 a composite number?
False
Is 2401103 a prime number?
True
Is 317829 a composite number?
True
Is 13738 prime?
False
Is 299422 composite?
True
Is 373313 prime?
False
Is 207611 prime?
False
Is 2411 a composite number?
False
Is 4201 prime?
True
Is 239831 prime?
True
Is 75001 prime?
False
Is 11567 prime?
False
Is 5623 a prime number?
True
Is 89041 composite?
False
Is 352579 a prime number?
True
Is 32689 a composite number?
True
Is 35285 a composite number?
True
Is 33311 composite?
False
Is 5951 a prime number?
False
Is 104257 a prime number?
False
Is 339455 a prime number?
False
Is 370043 a composite number?
True
Is 155003 composite?
False
Is 615871 prime?
False
Is 1597331 a prime number?
True
Is 113345 prime?
False
Is 15646 composite?
True
Is 214163 a composite number?
False
Is 23846 prime?
False
Is 7639 prime?
True
Is 17657 a prime number?
True
Is 8219 a composite number?
False
Is 21311 composite?
True
Is 441793 composite?
True
Is 284723 a prime number?
True
Is 30731 prime?
False
Is 2179 a composite number?
False
Is 1282 composite?
True
Is 45187 a prime number?
False
Is 352043 a composite number?
False
Is 42907 a composite number?
True
Is 57389 a prime number?
True
Is 1651 a composite number?
True
Is 87977 prime?
True
Is 79009 a prime number?
False
Is 22367 prime?
True
Is 140323 composite?
True
Is 293555 composite?
True
Is 12197 a prime number?
True
Is 12581 composite?
True
Is 81401 prime?
True
Is 13273 composite?
True
Is 13093 composite?
False
Is 628517 a prime number?
False
Is 2889073 a composite number?
True
Is 55997 prime?
True
Is 653357 a composite number?
False
Is 78427 composite?
False
Is 14386 a prime number?
False
Is 418553 prime?
True
Is 9533 prime?
True
Is 260563 a prime number?
False
Is 62189 prime?
True
Is 271657 prime?
True
Is 14591 a prime number?
True
Is 115 composite?
True
Is 3137 prime?
True
Is 21059 composite?
False
Is 17833 a composite number?
True
Is 200521 a composite number?
True
Is 643583 a composite number?
False
Is 1642799 a prime number?
False
Is 110431 a prime number?
True
Is 190823 composite?
False
Is 337 prime?
True
Is 31397 composite?
False
Is 907 a composite number?
False
Is 1114069 composite?
True
Is 66431 prime?
True
Is 382 composite?
True
Is 3194 a composite number?
True
Is 167861 prime?
True
Is 3251 a composite number?
False
Is 7829 a composite number?
False
Is 3989 a composite number?
False
Is 502301 a prime number?
True
Is 278231 a composite number?
True
Is 3433 composite?
False
Is 23731 composite?
True
Is 5003 a prime number?
True
Is 5437 composite?
False
Is 1409435 a composite number?
True
Is 249311 a prime number?
True
Is 454011 a prime number?
False
Is 13901 a prime number?
True
Is 15427 prime?
True
Is 9005 a prime number?
False
Is 85159 prime?
True
Is 18779 a prime number?
False
Is 130283 a prime number?
False
Is 336439 a composite number?
True
Is 132113 composite?
False
Is 771809 a prime number?
True
Is 2014351 composite?
False
Is 39677 prime?
False
Is 162379 prime?
False
Is 1856633 prime?
False
Is 327401 a composite number?
False
Is 16143 composite?
True
Is 6287 a prime number?
True
Is 29533 a composite number?
True
Is 1157 a prime number?
False
Is 86539 prime?
True
Is 200667 prime?
False
Is 9407 a prime number?
False
Is 109 composite?
False
Is 462221 a composite number?
False
Is 8093 a prime number?
True
Is 168367 a prime number?
False
Is 187003 a composite number?
False
Is 10877 prime?
False
Is 62027 a prime number?
False
Is 954827 a composite number?
False
Is 3407 a prime number?
True
Is 578207 a composite number?
True
Is 1073 composite?
True
Is 809 a prime number?
True
Is 2103 prime?
False
Is 200894 a prime number?
False
Is 4861 a composite number?
False
Is 869 a prime number?
False
Is 2253 composite?
True
Is 4121 a composite number?
True
Is 46261 prime?
True
Is 3267257 a prime number?
False
Is 470343 a composite number?
True
Is 656823 a prime number?
False
Is 503293 a composite number?
True
Is 420419 a composite number?
False
Is 166406 prime?
False
Is 8209 prime?
True
Is 667 composite?
True
Is 14849 a composite number?
True
Is 101681 composite?
False
Is 105997 prime?
True
Is 585635 a prime number?
False
Is 106721 prime?
True
Is 1149 prime?
False
Is 57403 a prime number?
False
Is 44155 a prime number?
False
Is 27134 a prime number?
False
Is 126287 composite?
True
Is 2203 a prime number?
True
Is 116593 composite?
False
Is 22639 a prime number?
True
Is 132001 prime?
True
Is 206071 composite?
True
Is 333137 a prime number?
False
Is 3127 a composite number?
True
Is 37087 prime?
True
Is 27329 a prime number?
True
Is 32947 a prime number?
False
Is 1801 a composite number?
False
Is 21487 composite?
False
Is 10961 a prime number?
False
Is 1169 a composite number?
True
Is 17827 a composite number?
False
Is 6779 prime?
True
Is 150473 composite?
False
Is 163577 a prime number?
False
Is 20329 composite?
True
Is 9143 composite?
True
Is 1245759 a composite number?
True
Is 101257 prime?
False
Is 95987 a composite number?
False
Is 3345665 a prime number?
False
Is 2533 prime?
False
Is 101737 a prime number?
True
Is 37049 a composite number?
False
Is 528911 a composite number?
False
Is 183493 a composite number?
True
Is 48163 a composite number?
False
Is 68461 prime?
False
Is 110791 composite?
True
Is 34757 prime?
True
Is 235699 prime?
True
Is 27787 a composite number?
True
Is 40787 a composite number?
False
Is 2818 prime?
False
Is 23251 a composite number?
False
Is 1716703 composite?
False
Is 3067 composite?
False
Is 1735 prime?
False
Is 127103 composite?
False
Is 743 a composite number?
False
Is 377681 composite?
False
Is 653 prime?
True
Is 769623 a prime number?
False
Is 787 composite?
False
Is 44351 composite?
False
Is 46855 prime?
False
Is 886643 composite?
False
Is 20771 a prime number?
True
Is 398773 composite?
True
Is 75559 a prime number?
False
Is 4421 composite?
False
Is 21557 prime?
True
Is 52149 a composite number?
True
Is 15245 a composite number?
True
Is 253417 composite?
False
Is 582